 = 2*h, -2*h - 2*r = -3*h + 166. What is the remainder when h is divided by 53?
50
Suppose -6*g = 3*y - g - 11, -4*y = 2*g - 10. Suppose 3*r = -y*r + 45. What is the remainder when 25 is divided by r?
7
Let n be (3/(-12) - 1)*-4. Suppose z - 14 = 4*v, n*v + 0*v = -2*z + 28. What is the remainder when 41 is divided by z?
13
Suppose 65 = 5*l + 2*a - 111, 2*a = 6. Calculate the remainder when l is divided by 12.
10
Let j = 8 + -6. Suppose -n + 78 = 2*t, -2*n + j*t + 0*t = -132. What is the remainder when n is divided by 24?
22
Suppose -3*q + q + 8 = 0, -14 = -w - q. What is the remainder when 19 is divided by w?
9
Suppose -t + 5*w = -73, 0*t + 2*t - 159 = -3*w. Calculate the remainder when (-3 - (-2)/1) + t is divided by 20.
17
Calculate the remainder when 57 is divided by 58*3/12*2.
28
Let g(u) = u**3 + 10*u**2 - 3*u - 15. Let s be (12 + 3 + -5)*-1. Calculate the remainder when 29 is divided by g(s).
14
Let s(d) = -d**2 + d + 1. Let f be s(-2). Let h = f + 11. Calculate the remainder when 16 is divided by h.
4
Let y(s) = -12*s - 1. Let f(w) = 6*w + 1. Let m(l) = 7*f(l) + 3*y(l). Let i be m(-3). Calculate the remainder when 18 is divided by 4/i - 72/(-7).
8
Let a(u) = u**3 + 5*u**2 + u - 1. Let v = 11 - 15. Suppose 0 = -3*x - 0*x + 3*p + 111, -x + 17 = 3*p. Calculate the remainder when x is divided by a(v).
10
Let t = 151 + -125. Let p be (0/(1*-2))/2. Suppose -28 = -2*v - p*v. Calculate the remainder when t is divided by v.
12
Suppose 0*v - 5*v = -5, 0 = 2*q - 3*v - 3. Suppose q*m = 13 + 44. Calculate the remainder when 54 is divided by m.
16
Suppose 0 = 5*v + 5*c - 0 - 40, -c + 36 = 5*v. Calculate the remainder when 25 is divided by v.
4
Let u(s) = s**3 - 17*s**2 + s - 23. Let w be u(17). Let r(c) = 3*c**2 + 7*c + 4. What is the remainder when r(w) is divided by 18?
16
Let z(g) be the first derivative of 11*g**2 + g - 1. What is the remainder when z(1) is divided by ((-5 - -4) + -12)*(1 - 2)?
10
Suppose 5*a = 10 + 10. Suppose -3*f = w - 1 - 1, a*f = -4*w. Calculate the remainder when (-44)/10*(-5)/f is divided by 8.
6
Calculate the remainder when 68 is divided by 39 + (-2 - 10)/3.
33
Calculate the remainder when 29 is divided by (-2)/((-52)/16 + 3).
5
Suppose 2*x + 0*x = 36. What is the remainder when 28 is divided by x?
10
Let i(m) = -m**3 - 21*m**2 - m - 2. What is the remainder when 70 is divided by i(-21)?
13
Suppose 0 = -2*t - b + 4*b + 17, 3*b - 63 = -3*t. What is the remainder when 30 is divided by t?
14
Let t = 2 - -9. Let g = 15 + 6. Calculate the remainder when g is divided by t.
10
Suppose 15*f - 328 = 7*f. What is the remainder when f is divided by 11?
8
Suppose -2*k + 4 = t, 2*k - 16 = -3*t - 4. What is the remainder when 7 is divided by t?
3
Let r(z) be the second derivative of -z**5/20 - z**4/6 + z**3/2 + 2*z**2 - z. Suppose -2*d + 5*d + 12 = 0. Calculate the remainder when r(d) is divided by 13.
11
Let o(h) = 3*h**2 - h + 2. Let k be 7 - 3/((-5)/(-5)). Let s(q) = 6*q - 10. What is the remainder when o(-4) is divided by s(k)?
12
Let b be (-1 + 1)/(0 - 2). Suppose 4*d + 3*v - 9 = b, -v + 3*v = -10. What is the remainder when d is divided by (-6)/5*(-10)/3?
2
Calculate the remainder when (-2710)/(-20) - 6/4 is divided by 15.
14
Suppose c - 3 = 1. Let v = 12 + -3. Calculate the remainder when v is divided by c.
1
Suppose v + 1 = 2. Calculate the remainder when (21/(-12))/(v/(-32)) is divided by 19.
18
Suppose -3*z = -5*s + 3 + 10, -4*s - 5*z = -3. Suppose -k = -s*k + 6. Let b(a) = a**2 + 3*a + 6. Calculate the remainder when b(-4) is divided by k.
4
Suppose 3*n - 6 = 0, n + 478 = 2*o - 2*n. What is the remainder when o is divided by 9?
8
Let r be (-22)/12*-3*2. Let g = 17 - r. What is the remainder when (3 - 2/1)*21 is divided by g?
3
Let l = 27 - 18. Let t(a) = -a - 8. Let q(n) = 2*n + 7. Let p(y) = 6*q(y) + 5*t(y). Calculate the remainder when p(l) is divided by 22.
21
Let q(a) = -2 + 0*a**2 + a**2 - 2*a**2 + 6*a. Let x be q(4). What is the remainder when x*1 - (1 + 1) is divided by 2?
0
Suppose 0*g + 7*g - 98 = 0. Suppose 32 = 6*u - 2*u. Calculate the remainder when g is divided by u.
6
Let n(p) = 11*p - 2. Let b be n(2). Let o = -12 + b. Let i(l) = -l**2 - 8*l + 2. Calculate the remainder when i(-6) is divided by o.
6
Let w(j) = -j**3 - j**2. Let n be w(-2). Suppose 6*g - p - 9 = g, 0 = 5*g - n*p - 6. Suppose 5 = -3*y + 4*y. What is the remainder when y is divided by g?
1
Let s = 11 + -18. Let k be (2/(-7))/(1/s). Calculate the remainder when 2/(k + 56/(-29)) is divided by 10.
9
Suppose -2*q = q - 180. Let b = q - 42. Let n = b - 8. Calculate the remainder when n is divided by 6.
4
Suppose -4*c = -3*o - 80, -6*c + 3*o = -3*c - 63. Calculate the remainder when 50 is divided by c.
16
Suppose 0 = 4*v - 3 - 25. Suppose 0 = -2*l - 13 - 27. Calculate the remainder when v is divided by (6/(-5))/(6/l).
3
Suppose 0 = m - 3*h + 7, h = -4*m - 1 + 12. What is the remainder when 6 is divided by m?
0
Let u(t) = -t + 6. Let r be u(9). Let d(o) = -2*o**3 - 4*o**2 - 3*o - 3. Let x be d(r). Suppose 3*v - x = -3. Calculate the remainder when 19 is divided by v.
5
Suppose -11 = -3*q + 7. Calculate the remainder when 17 is divided by q.
5
Let t be -6*(-2)/((-8)/14). Let n = 40 + t. Calculate the remainder when 37 is divided by n.
18
Suppose 5*t - 46 - 29 = 0. Let a be (-2 - (-7)/5)*-15. What is the remainder when 0 + a/3 + 26 is divided by t?
14
Let g(i) = -8*i**2 + 10*i**2 - i**3 + 5*i**2 + 8*i - 3. Calculate the remainder when g(7) is divided by 384/28 + (-4)/(-14).
11
Suppose -318 + 84 = -3*l. Let d = l - 47. What is the remainder when 61 is divided by d?
30
Let s = -27 - -15. Suppose -4*c - 5*m = -0*c - 101, c + m - 24 = 0. Let h = s + c. What is the remainder when 12 is divided by h?
5
Let m(h) = -h**2 - 6*h - 5. Let t be m(-5). Suppose 4*l + p = 179 - 8, t = 2*l - 5*p - 113. Calculate the remainder when l is divided by 15.
14
Suppose 0*n + 8 = -2*n, -2*z + 4*n = -46. Suppose -2 - 50 = -2*y. Let f = y - z. Calculate the remainder when 31 is divided by f.
9
Suppose 0*o - 2*o - 4*n = -48, -5*o - 5*n + 95 = 0. Calculate the remainder when 2 - ((-275)/5 - -3) is divided by o.
12
Let x be ((-3 - -1) + 1)*0. Suppose x = 3*p + 6*r - 2*r - 54, 0 = 2*p + r - 41. Let b(g) = -2*g. Calculate the remainder when p is divided by b(-4).
6
Let w(l) = 28*l**2. Calculate the remainder when w(1) is divided by (-1)/(-2 - (-19)/10).
8
Let p be (-19)/(-2) - (-2)/4. Suppose 3*n = -2*n + p. What is the remainder when 3 is divided by n?
1
Suppose 115 = 3*t + k, 2*t + 0*k - 84 = 3*k. Calculate the remainder when t is divided by 10.
9
Suppose 4*q = 8*q - 552. Suppose -2*x + q = 4*b, -24 = -2*b + 5*x + 15. What is the remainder when b is divided by 11?
10
Let h = 4 - 2. Suppose -4*g + 6 = h. Calculate the remainder when 1 is divided by g.
0
Let o(j) = j**2 + 7*j + 1. Let u = -1 + -7. Let t(l) = l + 17. Calculate the remainder when t(8) is divided by o(u).
7
Let d = 0 - -2. Suppose 0 = -4*m + d + 2. Let u(t) = t - 4. What is the remainder when u(5) is divided by m?
0
Let d(n) = 39*n**2 + 2*n + 2. Calculate the remainder when d(-1) is divided by 23.
16
Let d be -1 + (-2 - (-4 - 0)). Let h = 11 - d. Calculate the remainder when h is divided by (2*-1)/((-2)/4).
2
Suppose 2*i - 108 = 76. What is the remainder when i is divided by 32?
28
Let k = -11 - -27. What is the remainder when 29 is divided by k?
13
Suppose z = -3*p + 132, -3*p + z - 37 = -175. Let d = -45 + 61. What is the remainder when p is divided by d?
13
Suppose 0*u + 2*u + 4 = 0. Calculate the remainder when 17 is divided by -1 + u - -6 - -2.
2
Suppose -c - 5 = -m - 0*m, -12 = 3*m. Let s = -4 - c. Calculate the remainder when 14 is divided by s.
4
Suppose -4*s = -5*a - 76 - 16, -2*a = 0. Calculate the remainder when 42 is divided by s.
19
Let m(x) = -2*x + 12. Calculate the remainder when m(-11) is divided by 7.
6
Let n = 9 + -6. What is the remainder when 10 is divided by n?
1
Let q(s) = -35*s + 1. Let j = 105 - 92. Calculate the remainder when q(-1) is divided by j.
10
Suppose a + 169 = 5*g, -4 = 2*a - 6*a. Suppose 1 = h - v - 4, 0 = 5*h - v - 37. Suppose 4 + h = q. What is the remainder when g is divided by q?
10
What is the remainder when -5*((-1)/2)/((-2)/(-76)) is divided by 25?
20
Let l = -132 + 46. Let 